at are the prime factors of 161296?
2, 17, 593
What are the prime factors of 609429?
3, 31, 6553
List the prime factors of 166922.
2, 7, 11923
What are the prime factors of 256157?
11, 29, 73
List the prime factors of 999473.
257, 3889
List the prime factors of 21117674.
2, 193, 54709
List the prime factors of 20553089.
20553089
List the prime factors of 13807789.
467, 29567
What are the prime factors of 140013?
3, 47, 331
What are the prime factors of 197925?
3, 5, 7, 13, 29
What are the prime factors of 11032026?
2, 3, 1838671
What are the prime factors of 7005530?
2, 5, 7, 17, 29
What are the prime factors of 4878514?
2, 2439257
List the prime factors of 6771943.
6771943
What are the prime factors of 199917?
3, 97, 229
List the prime factors of 5709216.
2, 3, 59471
List the prime factors of 98109.
3, 11, 991
What are the prime factors of 2067736?
2, 11, 23497
List the prime factors of 1959001.
11, 178091
What are the prime factors of 116231?
47, 2473
What are the prime factors of 4247794?
2, 2123897
List the prime factors of 10007610.
2, 3, 5, 29, 11503
What are the prime factors of 751881?
3, 13, 1483
What are the prime factors of 7793436?
2, 3, 7, 92779
List the prime factors of 210527.
210527
List the prime factors of 833780.
2, 5, 47, 887
List the prime factors of 235729.
13, 18133
List the prime factors of 9302372.
2, 257, 9049
What are the prime factors of 226079?
7, 32297
List the prime factors of 3194581.
13, 31, 7927
List the prime factors of 209775.
3, 5, 2797
List the prime factors of 3706566.
2, 3, 617761
List the prime factors of 506798.
2, 43, 71, 83
List the prime factors of 96538.
2, 13, 47, 79
List the prime factors of 945820.
2, 5, 19, 131
What are the prime factors of 836849?
13, 64373
List the prime factors of 1254103.
281, 4463
List the prime factors of 5257458.
2, 3, 292081
List the prime factors of 448101.
3, 49789
What are the prime factors of 542140?
2, 5, 27107
What are the prime factors of 479057?
163, 2939
What are the prime factors of 109176?
2, 3, 4549
List the prime factors of 1025610.
2, 3, 5, 17, 2011
List the prime factors of 1264775.
5, 50591
What are the prime factors of 8393461?
17, 493733
What are the prime factors of 582837?
3, 173, 1123
What are the prime factors of 212616?
2, 3, 2953
What are the prime factors of 269975?
5, 10799
List the prime factors of 1282353.
3, 427451
What are the prime factors of 122785?
5, 13, 1889
What are the prime factors of 3140557?
7, 107, 599
List the prime factors of 8791733.
8791733
What are the prime factors of 1254223?
439, 2857
What are the prime factors of 415838?
2, 53, 3923
List the prime factors of 1043803.
19, 137, 401
List the prime factors of 1413448.
2, 17, 19, 547
List the prime factors of 229306.
2, 7, 11, 1489
List the prime factors of 24051683.
24051683
What are the prime factors of 15414346?
2, 257, 29989
List the prime factors of 33426112.
2, 522283
List the prime factors of 14824.
2, 17, 109
List the prime factors of 858771.
3, 95419
What are the prime factors of 815491?
815491
What are the prime factors of 13159850?
2, 5, 11, 71, 337
List the prime factors of 769933.
37, 20809
List the prime factors of 135574.
2, 53, 1279
List the prime factors of 8026922.
2, 4013461
List the prime factors of 270220.
2, 5, 59, 229
List the prime factors of 26247465.
3, 5, 29, 20113
List the prime factors of 48453.
3, 31, 521
List the prime factors of 63703.
63703
What are the prime factors of 26156?
2, 13, 503
List the prime factors of 1587533.
1587533
List the prime factors of 989598.
2, 3, 23, 71, 101
What are the prime factors of 2216679?
3, 61, 12113
What are the prime factors of 8585657?
8585657
What are the prime factors of 4863291?
3, 1621097
What are the prime factors of 240860?
2, 5, 12043
List the prime factors of 20939.
20939
What are the prime factors of 826221?
3, 11, 25037
List the prime factors of 1282370.
2, 5, 128237
List the prime factors of 6149131.
29, 212039
What are the prime factors of 6726199?
389, 17291
What are the prime factors of 1935529?
617, 3137
List the prime factors of 23399691.
3, 7, 1114271
What are the prime factors of 1944931?
1944931
What are the prime factors of 28824741?
3, 11, 17, 173
List the prime factors of 5156891.
5156891
List the prime factors of 538125.
3, 5, 7, 41
List the prime factors of 5931208.
2, 741401
What are the prime factors of 2235662?
2, 11, 13, 7817
List the prime factors of 320601.
3, 106867
List the prime factors of 728554.
2, 89, 4093
What are the prime factors of 7653736?
2, 239, 4003
List the prime factors of 7187960.
2, 5, 13, 23, 601
List the prime factors of 282461.
282461
List the prime factors of 179014.
2, 11, 79, 103
List the prime factors of 255420.
2, 3, 5, 11, 43
What are the prime factors of 13420883?
7, 179, 10711
List the prime factors of 610175.
5, 24407
List the prime factors of 1276572.
2, 3, 11, 19, 509
What are the prime factors of 417005?
5, 83401
List the prime factors of 3008668.
2, 13, 57859
What are the prime factors of 338174?
2, 353, 479
List the prime factors of 4900281.
3, 167, 9781
List the prime factors of 464858.
2, 41, 5669
List the prime factors of 1363846.
2, 11, 47, 1319
What are the prime factors of 17871?
3, 7, 23, 37
List the prime factors of 1123811.
13, 137, 631
List the prime factors of 4611072.
2, 3, 19, 79
List the prime factors of 39590473.
13, 3045421
List the prime factors of 288655.
5, 57731
What are the prime factors of 504747?
3, 17, 3299
What are the prime factors of 108185?
5, 7, 11, 281
List the prime factors of 20326444.
2, 43, 59, 2003
What are the prime factors of 3365157?
3, 41, 109, 251
What are the prime factors of 1016457?
3, 13, 67, 389
What are the prime factors of 228239?
11, 20749
What are the prime factors of 27217278?
2, 3, 11, 101, 1361
List the prime factors of 607285.
5, 7, 17351
List the prime factors of 116023.
157, 739
What are the prime factors of 1100431?
601, 1831
What are the prime factors of 4413713?
29, 152197
List the prime factors of 1174342.
2, 13, 31, 47
What are the prime factors of 4519917?
3, 61, 8233
What are the prime factors of 8626221?
3, 127, 7547
List the prime factors of 628636.
2, 23, 6833
List the prime factors of 12522080.
2, 5, 61, 1283
List the prime factors of 527088.
2, 3, 79, 139
List the prime factors of 331733.
199, 1667
What are the prime factors of 150952?
2, 18869
What are the prime factors of 163440?
2, 3, 5, 227
List the prime factors of 17710905.
3, 5, 1180727
What are the prime factors of 230210?
2, 5, 23021
List the prime factors of 103782.
2, 3, 7, 353
List the prime factors of 4582128.
2, 3, 95461
What are the prime factors of 18013654?
2, 853, 10559
What are the prime factors of 922655?
5, 127, 1453
List the prime factors of 15954217.
15954217
What are the prime factors of 287211?
3, 95737
What are the prime factors of 12710?
2, 5, 31, 41
List the prime factors of 4844292.
2, 3, 499, 809
List the prime factors of 3418326.
2, 3, 17, 11171
What are the prime factors of 2315028?
2, 3, 103, 1873
What are the prime factors of 338836?
2, 23, 29, 127
List the prime factors of 94916.
2, 61, 389
List the prime factors of 7141200.
2, 3, 5, 11, 541
List the prime factors of 1834672.
2, 7, 16381
List the prime factors of 45053332.
2, 17, 19, 34871
What are the prime factors of 260889?
3, 19, 23, 199
What are the prime factors of 2424519?
3, 89797
List the prime factors of 761161.
761161
List the prime factors of 30186411.
3, 2861, 3517
List the prime factors of 3107688.
2, 3, 31, 4177
List the prime factors of 2935168.
2, 23, 997
What are the prime factors of 33032071?
17, 23, 84481
What are the prime factors of 11979055?
5, 11, 353, 617
List the prime factors of 24774182.
2, 1229, 10079
List the prime factors of 9774968.
2, 7, 19, 9187
List the prime factors of 5020400.
2, 5, 7, 11, 163
List the prime factors of 682553.
107, 6379
What are the prime factors of 28875966?
2, 3, 7, 687523
What are the prime factors of 3644185?
5, 728837
What are the prime factors of 916138?
2, 458069
List the prime factors of 2706308.
2, 11, 61507
List the prime factors of 278242.
2, 139121
What are the prime factors of 9277587?
3, 11, 31, 3023
List the prime factors of 160928.
2, 47, 107
List the prime factors of 609